rmine c(-15).
-306
Let x(s) = -s**3 - 5*s**2 + 185*s + 1301. Determine x(-10).
-49
Let l(k) = -k**3 + 23*k**2 + 68*k + 174. Give l(24).
1230
Let o(y) = -y**2 - 8417*y + 304318. Calculate o(36).
10
Let w(r) = 10678*r + 1025088. Determine w(-96).
0
Let j(q) = -q**3 - 17*q**2 - 226*q - 2333. What is j(-13)?
-71
Let l(m) = 16*m**3 + 202*m**2 - 53*m + 414. Give l(-13).
89
Let p(j) = 784*j - 6194. Give p(9).
862
Let z(t) = t**3 + 62*t**2 + 486*t + 21. What is z(-53)?
-456
Let p(f) = -f**3 + 182*f**2 - 5779*f - 263. Give p(141).
19
Let y(o) = -2488*o - 57270. Give y(-23).
-46
Let c(d) = -5980*d - 705617. Give c(-118).
23
Let c(t) = 1796*t**2 + 167053*t + 2318. Give c(-93).
-7
Let m(k) = k**3 + 4*k**2 + 4*k - 195. Give m(0).
-195
Let n(s) = 30666*s - 91970. Determine n(3).
28
Let o(u) = -u**3 - 37*u**2 + 1959*u - 3442. Determine o(-67).
-25
Let l(b) = 2*b**3 + 140*b**2 - 38453*b - 898. Calculate l(-178).
-8
Let r(h) = 4*h**3 + 336*h**2 + 9*h + 513. Give r(-84).
-243
Let u(t) = t**2 + 2314*t + 372341. Determine u(-174).
-19
Let k(m) = 1409*m**3 - 7*m**2 - 13*m + 20. Give k(1).
1409
Let l(j) = 41416*j + 828328. Calculate l(-20).
8
Let d(z) = z**3 + 346*z**2 + 26328*z - 223. Calculate d(-233).
10
Let u(p) = 8*p**3 + 30*p**2 + 39*p - 69. Give u(-4).
-257
Let b(h) = 2*h**2 + 4343*h - 21766. What is b(5)?
-1
Let s(z) = 8190*z - 466659. What is s(57)?
171
Let t(w) = 112616*w - 112587. Determine t(1).
29
Let o(f) = 3*f**3 - 396*f**2 - 4*f + 1229. What is o(132)?
701
Let f(k) = 23*k**3 - 14*k**2 + 210*k - 859. Give f(5).
2716
Let z(t) = t**2 - 868*t + 16149. Determine z(19).
18
Let b(y) = 185*y**3 - 15*y**2 - 194*y - 339. Calculate b(-2).
-1491
Let r(k) = -k**3 + 3*k**2 + 277*k - 451. Give r(-16).
-19
Let u(m) = -23897*m - 191201. Determine u(-8).
-25
Let q(v) = v**3 - 372*v**2 + 3267*v + 15. Determine q(9).
15
Let k(r) = -2*r**3 - 44*r**2 - 404*r - 3400. Give k(-16).
-8
Let y(r) = -2*r**3 - 108*r**2 - 1684*r - 5970. Give y(-5).
0
Let a(f) = -24*f**2 + 615*f + 2801. What is a(-4)?
-43
Let x(l) = 7*l**3 + 58*l**2 - 65*l + 70. Give x(-9).
250
Let x(o) = -48*o**3 + 2591*o**2 + 58*o - 206. What is x(54)?
10
Let u(g) = 4618*g - 254003. What is u(55)?
-13
Let s(o) = 140*o + 21791. What is s(-153)?
371
Let u(b) = b**2 - 63*b + 1345. Give u(45).
535
Let y(f) = -4*f**2 - 1920*f - 3830. Give y(-2).
-6
Let o(g) = -14*g**3 + 22*g**2 + 49*g - 150. Give o(3).
-183
Let p(f) = 6*f**3 + 140*f**2 - 418*f - 117. What is p(-26)?
-65
Let l(n) = 2*n**2 - 46*n - 7809. Determine l(75).
-9
Let r(b) = 4904*b + 24339. Determine r(-5).
-181
Let v(d) = 34*d**3 - 6*d**2 - 279*d + 1155. Calculate v(4).
2119
Let j(q) = -3*q**3 + 2321*q**2 + 3091*q + 6983. Calculate j(775).
8
Let b(z) = z**2 + 583*z - 13944. Determine b(23).
-6
Let x(r) = -132382*r + 264742. Give x(2).
-22
Let b(f) = 3*f**2 + 18*f + 21. What is b(-8)?
69
Let z(i) = 9478644*i + 9478636. Give z(-1).
-8
Let q(i) = -10901*i - 21766. What is q(-2)?
36
Let k(i) = -9449*i - 236184. Calculate k(-25).
41
Let m(h) = 5*h**2 + 71*h - 64871. Determine m(107).
-29
Let d(i) = 148*i + 7002. Give d(-45).
342
Let x(n) = -n**3 + 74*n**2 + 175*n + 209. Determine x(76).
1957
Let b(z) = -11*z**2 + 2509*z - 5201. Give b(226).
-3
Let z(t) = 8586*t - 206051. Calculate z(24).
13
Let c(t) = -7577*t - 7487. Give c(-1).
90
Let y(v) = 30*v**2 - 1371*v + 1370. Determine y(1).
29
Let r(z) = -z**3 - 60*z**2 + 121*z + 12370. Determine r(-57).
-4274
Let t(i) = i**3 + 552*i**2 - 1039*i - 268751. Determine t(-553).
7
Let f(x) = 17*x**2 + 288*x + 523. What is f(-2)?
15
Let x(k) = -6298*k - 44103. What is x(-7)?
-17
Let j(l) = -l**3 - 67*l**2 + 2107*l - 8627. Give j(5).
108
Let k(w) = 2*w + 148. Determine k(11).
170
Let j(n) = -n**2 + 3122*n + 615275. What is j(-186)?
-13
Let n(o) = 11*o**2 - 1778*o - 782. Calculate n(162).
-134
Let w(a) = 360*a + 93700. What is w(-260)?
100
Let x(k) = -4*k**2 + 20310*k - 40595. What is x(2)?
9
Let i(u) = -5638*u + 95581. What is i(17)?
-265
Let j(o) = -2*o**3 + 414*o**2 - 458*o + 9835. Calculate j(206).
359
Let u(l) = -97*l + 17049. What is u(176)?
-23
Let x(m) = -127*m**2 - 5420*m + 225. Give x(-43).
-1538
Let a(m) = -32*m**3 - 91*m**2 + 234*m + 656. What is a(-3)?
-1
Let f(t) = 5*t**2 + 132*t - 786. Determine f(5).
-1
Let y(b) = -b**3 + 119*b**2 + 656*b - 4453. Give y(124).
11
Let p(x) = 17*x**2 - 3291*x + 5334. Calculate p(192).
150
Let u(n) = -n**3 + 6*n**2 - 29*n - 93. What is u(4)?
-177
Let x(g) = 7262*g + 102078. Determine x(-14).
410
Let t(p) = 2*p**3 - 5299*p**2 + 79035*p + 8. Give t(15).
8
Let s(l) = -774*l**2 - 30962*l + 250. Determine s(-40).
330
Let c(r) = -51*r**3 + 7*r**2 - 75*r + 189. Give c(4).
-3263
Let f(k) = k**3 - 1110*k**2 - 496*k + 550568. Calculate f(1110).
8
Let c(d) = d**2 - 12*d - 21562. Determine c(153).
11
Let q(m) = -m**2 + 1217*m - 113733. What is q(102)?
-3
Let l(w) = -71*w**2 - 25005*w - 4585. What is l(-352)?
-9
Let g(a) = 5*a**3 - 368*a**2 + 360*a - 37420. Calculate g(74).
172
Let i(h) = -h**3 - 14*h**2 - 3267*h - 56392. Give i(-17).
14
Let s(p) = p**3 - 516*p**2 - 4195*p + 1587. Calculate s(524).
15
Let d(q) = -566*q**3 + 2*q**2 - 222*q - 226. Calculate d(-1).
564
Let m(n) = 6587*n - 151402. Determine m(23).
99
Let x(w) = w**3 - 14*w**2 - 5*w + 271. Give x(12).
-77
Let o(c) = -66032*c + 70522179. Give o(1068).
3
Let p(h) = -h**3 + 2*h**2 + 1854*h + 266. Give p(-42).
14
Let p(a) = a**3 + 3*a**2 - 254*a + 18. Give p(14).
-206
Let i(u) = -u**3 - 113*u**2 + 265*u + 3936. Determine i(-115).
-89
Let n(i) = -7*i**3 - 21*i**2 + 138*i + 198. Calculate n(7).
-2266
Let r(s) = -10890*s + 21716. What is r(2)?
-64
Let q(l) = -1793*l - 1572470. What is q(-877)?
-9
Let w(q) = -55*q**3 - 2*q + 140. Calculate w(4).
-3388
Let k(y) = -y**3 + 22*y**2 + 98*y - 1529. Calculate k(19).
1416
Let c(v) = -513*v + 35197. Determine c(71).
-1226
Let n(w) = w**3 + 135*w**2 - 8537*w + 3129. Determine n(-182).
35
Let v(x) = x**3 - 16*x**2 + 19*x + 174. Calculate v(14).
48
Let z(r) = -39*r**2 - 517*r - 1462. Calculate z(-4).
-18
Let g(j) = -j**2 - 20650*j - 247657. What is g(-12)?
-1
Let z(q) = 387*q + 4500. Give z(-10).
630
Let i(k) = 1493*k + 301587. What is i(-202)?
1
Let v(a) = 3*a**3 + 30*a**2 - 28*a - 313. Determine v(-8).
295
Let a(s) = -313*s**2 - 2875*s + 32. What is a(-9)?
554
Let n(q) = -36*q**2 - 470*q + 51. Give n(-13).
77
Let a(n) = n**3 - 64*n**2 + 428*n + 861. What is a(55)?
-2824
Let a(c) = 472*c**3 + 2*c**2 + 71*c + 70. Calculate a(-1).
-471
Let r(q) = 20*q**3 + 22*q**2 + 111*q + 25. Give r(-4).
-1347
Let z(s) = 42*s**2 - 289*s - 611. Determine z(-2).
135
Let n(m) = -88*m + 4173. Give n(47).
37
Let c(i) = -1071*i - 28054. Calculate c(-26).
-208
Let c(y) = 2*y**2 + 71*y - 151. Calculate c(-41).
300
Let k(w) = -w**2 - 504*w - 52040. Give k(-145).
15
Let k(x) = x**3 + 87*x**2 - 1175*x - 9499. Determine k(-98).
7
Let d(m) = -m**2 - 743*m + 124117. Give d(140).
497
Let o(g) = -g**3 - 135*g**2 + 29484*g + 223. Determine o(-252).
223
Let j(h) = -h**3 + 117*h**2 + 687*h + 5789. What is j(123)?
-484
Let p(d) = 467814*d + 1403515. Give p(-3).
73
Let s(l) = -6*l**2 + 435*l + 10151. Calculate s(-23).
-3028
Let s(n) = 3*n**3 + 71*n**2 + 162*n - 127. Determine s(-21).
-1
Let d(c) = 13*c**3 - 150*c**2 + 395*c - 5. What is d(4)?
7
Let k(o) = o**3 + 300*o**2 + 18270*o - 1083. Give k(-215).
-8
Let f(w) = -548*w + 82118. Calculate f(150).
-82
Let r(l) = -7*l**2 + 156*l - 87. What is r(22)?
-43
Let l(f) = -f**3 + 276*f**2 - 295*f + 5471. What is l(275)?
-29
Let t(g) = -g**3 + 368*g**2 + 2999*g + 3384. What is t(376)?
0
Let l(k) = 2*k**3 - 145*k**2 - 271*k + 2717. What is l(74)?
-909
Let a(t) = t**2 + 175*t + 7546. Calculate a(-72).
130
Let q(u) = -2585*u - 772915. What is q(-299)?
0
Let k(l) = -1782554*l - 7130216. Calculate k(-4).
0
Let a(d) = -d**3 - 162*d**2 + 430*d - 10710. What is a(-165)?
15
Let r(k) = k**2 - 72*k - 8692. Determine r(136).
12
Let d(o) = 3*o**2 - 120*o + 153. What is d(34)?
-459
Let h(w) = 123795*w + 7056319. Determine h(-57).
4
Let j(s) = 23*s**2 + 1259*s + 15094. Calculate j(-37).
-2
Let b(q) = -30375*q + 637872. Determine b(21).
-3
Let p(m) = 2*m**3 - 5*m**2 + 12*m + 124. Calculate p(-4).
-132
Let r(z) = -7*z**2 - 2830*z - 39. Give r(-404).
769
Let l(x) = -2*x**3 - 216*x**2 - 209*x + 267. Calculate l(